t h be g(-3). Calculate the remainder when 12 is divided by (-14)/(-4) - h/(-2).
0
Let r = -24 + 37. Let a = -1 + r. Calculate the remainder when 69 is divided by a.
9
What is the remainder when (31/4)/(4/32) is divided by 5?
2
Let j = 146 - 132. Calculate the remainder when 698 is divided by j.
12
Suppose 0 = -g - 30*g + 12679. Calculate the remainder when g is divided by 10.
9
Let c(b) = b**3 + 8*b**2 - 36*b - 98. What is the remainder when c(-8) is divided by 49?
43
Suppose 4*k - 230 = -5*l, -7*l + 10 = -2*l. What is the remainder when k is divided by 24?
7
Suppose 24*d - 438 = -49*d. Suppose 0 = -3*z + 2 + 13. Suppose -3*s - z*w + 43 = 0, s + w = -3*s + 63. Calculate the remainder when s is divided by d.
4
Suppose -16*g = -17*g + 4*d + 386, 2018 = 5*g + 2*d. Calculate the remainder when g is divided by 5.
2
Let s(q) = q**3 - 12*q**2 - 27*q - 11. Let w be s(14). Suppose 0 = -w*i - 4*x + 76, 3*i + 24 = 4*i + 2*x. Calculate the remainder when 81 is divided by i.
25
Suppose -69 = 5*l - 209. Suppose -3*d = -5*d + 10. Let a = 1 + d. Calculate the remainder when l is divided by a.
4
Suppose 2*h - 3*o = -2*h - 287, -3*o = 5*h + 379. Let r = h - -88. Calculate the remainder when r is divided by 4.
2
Let b be (-40)/6 - (-6)/(-18). Let m(k) = k**3 + 8*k**2 + 7*k + 8. What is the remainder when 22 is divided by m(b)?
6
Let j(h) = -h**2 - 14*h - 22. Let u be j(-9). Let o = 4 + u. What is the remainder when 107 is divided by o?
26
Let r(p) = -2*p**3 - 5*p**2 - 2*p + 2. Let v = 85 - 82. Suppose -196 = v*f - 7*f. What is the remainder when f is divided by r(-3)?
15
Let j(p) = 14*p + 11. Let h = -5 + 7. Let q(m) = 7*m + 6. Let u(s) = h*j(s) - 5*q(s). What is the remainder when u(-5) is divided by 10?
7
Let b(q) = 2*q - 6. Let p be -6*3/(-9) + 3. Let w be b(p). Calculate the remainder when (-1485)/(-20) - 1/w is divided by 19.
17
Suppose 2*w + 3*q - 41 = 0, 5*w = -3*q - 2*q + 90. Suppose 0 = 3*p + 4*z, -w = 4*p - z + 2*z. Calculate the remainder when 6 is divided by 0 + 0 - (p - -1).
0
Calculate the remainder when 178 is divided by ((-32)/6)/((-68)/306).
10
Suppose 34*r - 46*r + 540 = 0. What is the remainder when 105 is divided by r?
15
Let u be ((-65)/91)/(1/(-7)). Suppose 10 = u*z, 2*z = 5*b - z - 89. What is the remainder when 35 is divided by b?
16
What is the remainder when 3363 is divided by 3072/60 + 9/(-45)?
48
Let k(l) = -l**3 - 5*l**2 + 5*l + 10. Let p be k(-6). Suppose 167 = 17*y - p*y. Calculate the remainder when y is divided by 34.
31
Let u = -158 - -230. Let n be (-3)/5 + u/20. Suppose -n*i + 4*v + 0*v + 63 = 0, -44 = -2*i + 2*v. What is the remainder when i is divided by 9?
7
Calculate the remainder when 223 is divided by (-93)/(-3) - (-3 - -9).
23
Suppose 0 = 3*v - 2*v - 19. Let q = 6 + v. Suppose q = c + 3. Calculate the remainder when 86 is divided by c.
20
Let i = 1748 + -1704. What is the remainder when 100 is divided by i?
12
Let w = 64 + -59. Suppose -4*z + 111 = -0*k + 5*k, -w*z + 4*k + 149 = 0. Calculate the remainder when 110 is divided by z.
23
Let b be (-5)/(30/(-108))*(-2)/(-4). Suppose -3*l = 6*d - b*d - 6, -5*l = 4*d - 46. Calculate the remainder when 10 is divided by l.
4
Suppose 5 = q, -4*d + 0*d + 467 = 3*q. Let k be (-60)/(-40)*296/6. Let i = -45 + k. What is the remainder when d is divided by i?
26
Suppose 157*f - 151*f - 156 = 0. Suppose o - 2*g = g + 12, -3*o + 60 = -g. What is the remainder when f is divided by o?
5
Let i(h) = -43*h - 113. Calculate the remainder when i(-6) is divided by 50.
45
Let a(d) = -d**3 + 4*d**2 + 5*d + 4. Let q be a(5). Let z be (-107)/(-2) + q/8. Let i = -23 + z. What is the remainder when i is divided by 11?
9
Let w = -46 - -81. Suppose 0 = -j + 14 - 1. Calculate the remainder when w is divided by j.
9
Let j(q) = -q**3 + 18*q**2 - 14*q - 42. Calculate the remainder when j(16) is divided by 25.
21
Let c = 252 + -172. Let g = 25 - -16. Calculate the remainder when g is divided by ((-22)/(-10))/(16/c).
8
Let i(h) = -h**2 + 6*h. Let w be i(6). Let u = w - -8. Suppose 60*t + 6*t = 330. What is the remainder when u is divided by t?
3
Let a(b) = 44*b**2 + b + 1. Let q be a(-1). Suppose w = 2*p + 21, q = 3*w - p - 29. Calculate the remainder when 121 is divided by w.
21
Let p = 727 - 692. Calculate the remainder when 591 is divided by p.
31
Let j = 15 + -20. Let q(u) = -4*u**2 - 3*u. Let w be q(j). Let x = -51 - w. What is the remainder when x is divided by 9?
7
Let r(b) = b**2 - 4*b + 2. Let x be r(3). Calculate the remainder when (x + 34)*(-4)/(-12) is divided by (2 + -3)*4*(-3 - -2).
3
Suppose 6*m - 35 = -m. Suppose 169 = m*t - 1. What is the remainder when t is divided by 18?
16
Suppose 279 + 135 = 23*o. Calculate the remainder when -1 - (70/(-1))/2 is divided by o.
16
Suppose 466 = 11*r - 656. Calculate the remainder when r is divided by 23.
10
Suppose 4*o + 4*c = -1340, 2*o - 2*c + 326 = o. Let b = 499 + o. What is the remainder when b is divided by 21?
20
Suppose 2*b - 5*u - 58 = 0, -4*b = -b - 2*u - 87. Suppose -87*t + 86*t + 85 = 0. What is the remainder when t is divided by b?
27
Suppose 0 = s - 2*u, -4*s + 8 = -3*u - 2. Suppose 5*z - s*a - 41 = 0, 5*z - a + 3*a = 17. Calculate the remainder when 11 is divided by z.
1
Let g be 16/(-4) + (-10)/1. Let b be (g - 6)*1/(-2). Suppose -o = -2*o + 3*m - b, 0 = 2*o + 2*m - 20. Calculate the remainder when 13 is divided by o.
3
Let y be 25/2*(-264)/(-15). Suppose 5*o = -4*q + y, -2*o - 3*o = -5*q + 230. Calculate the remainder when q is divided by 17.
16
Calculate the remainder when (4/8)/(((-261)/378)/(-29)) is divided by 9.
3
Let s(b) = -b**2 + 17*b + 78. Calculate the remainder when 65 is divided by s(19).
25
Calculate the remainder when 71 is divided by -1*(-3 - -1) + (-12 - -23).
6
Let b be (-34)/(-4)*-2*5. Let m = b + 124. Suppose -2*s + m = s. What is the remainder when s is divided by 8?
5
Let a(i) = 4*i + 2*i**2 - 3*i - 157*i**3 + 158*i**3 - 2*i - 5. Suppose -3*o + 11 = 2. What is the remainder when a(o) is divided by 20?
17
Suppose 5*x + 3*v - 185 = 0, 5*v - 1 - 58 = -x. Suppose x = 7*w - 50. Let m = 46 - 23. Calculate the remainder when m is divided by w.
11
Let b be 6/(-12)*-2*5. Suppose -4*g = -3*o, b*g - 4*o + 7 = 2*g. Suppose 3*t + 3*n = 36, 7 + g = -5*n. Calculate the remainder when 25 is divided by t.
11
Suppose -12 = -4*g + 3*o - 6*o, -3*g - 3*o = -6. Let n = -27 - -50. Calculate the remainder when n is divided by g.
5
Suppose -2*p = -5*p. Suppose p = -3*s - 6, 2*w = -3*w - s + 93. What is the remainder when w is divided by (-2)/(-4) + 57/6?
9
Suppose 5*k = -31 + 56. Suppose -c - 212 = -3*q, 3*c = 6*q - 2*q - 276. Suppose 3*t + t - q = 0. What is the remainder when t is divided by k?
3
Suppose -4*d = 275 - 895. Let h = d + -82. Suppose 209 = 4*o + 109. Calculate the remainder when h is divided by o.
23
Let w(c) = -c**2 - 14*c - 6. Let d be w(-14). Let k be (-4)/d - (-3400)/30. Calculate the remainder when 42 is divided by k/9 + (-10)/15.
6
Let l be 12/42 - 4983/21. Calculate the remainder when 8 is divided by (0 - 2/3) + (-1106)/l.
0
Calculate the remainder when (-2)/(18/(-3)) + 880/33 is divided by 17.
10
Suppose -2*j = -4*w - 256, -4*j + 192 = w - 4*w. Let x = 163 + w. Let k = 41 + -16. Calculate the remainder when x is divided by k.
24
Let g(r) = 2*r**3 - 5*r**2 + 2*r - 2. Suppose 3*b = 2*v - 53, 9*v - 3*b = 5*v + 109. Calculate the remainder when g(4) is divided by v.
26
Let g be ((-4)/10)/((-4)/5)*60. Let p = 42 - g. What is the remainder when 42 is divided by p?
6
Suppose -19*z = 329 - 2799. What is the remainder when z is divided by 33?
31
What is the remainder when (-50 + -2)/(15 + -16) is divided by 28?
24
Let i be 280/6 + (10/15)/2. Suppose 0 = z, -4*l + 419 = -2*z + i. What is the remainder when l is divided by 16?
13
Let v = -144 - -91. Let r = v + 57. Suppose 3*q + 3 = 36. What is the remainder when q is divided by r?
3
Suppose 4*t + 3 + 1 = 2*b, 0 = 4*b - t - 1. Suppose b*p = 2*p - 40. What is the remainder when 78 is divided by p?
18
Suppose -228 = -8*s + 252. What is the remainder when 417 is divided by s?
57
Suppose -70 = -2*q + 2. Suppose 4*c + 2*c = 114. What is the remainder when q is divided by c?
17
Let v = -24 + 27. Calculate the remainder when 55 is divided by v.
1
Suppose 3*m - 119 = 2*m. Suppose 4*x 